o + 5*t - 167 = 0. Calculate the remainder when 332 is divided by o.
28
Let t = 12350 - 12305. Calculate the remainder when t is divided by 41.
4
Suppose -1294 + 10402 = 12*j. What is the remainder when j is divided by 45?
39
Suppose 30*u - 34*u + 17613 = -5*v, 0 = -5*u - 4*v + 21965. What is the remainder when u is divided by 25?
22
Let h = -3167 - -5366. Calculate the remainder when h is divided by 116.
111
Calculate the remainder when 775 is divided by (4 - 8) + 136/4.
25
Let d be (4/(-3))/(760/(-90) + 8). Suppose -3*n = -2*r - d*r + 570, -r = -4*n - 97. What is the remainder when 699 is divided by r?
114
Let r = 6 - 46. Let i = -29 - 24. Let z = r - i. Calculate the remainder when 23 is divided by z.
10
Let b be -1 + 5 + (-5)/(-1) + -6. Suppose -b*g = 4*p - 99, -p - 143 = -5*g - 1. What is the remainder when 49 is divided by g?
20
Let m(c) = c**2 + 3*c - 2. Let u be m(-2). Let i = u + 11. Calculate the remainder when -2*(16848/(-3168) - 4/22) is divided by i.
4
Let v(n) = n**3 + 41*n**2 - 34*n + 608. What is the remainder when v(-42) is divided by 70?
62
Let k(w) = -57*w - 1. Calculate the remainder when k(-1) is divided by (-1218)/252*(-6 - 0) + 1.
26
Calculate the remainder when 370 is divided by -7 + (1 - -7) - (-119 - 2).
4
Let t be -4 + (-603)/(-24) + 2/(-16). Calculate the remainder when 1142 is divided by t/(-12) + 2 + 2275/52.
42
Let x(l) = 3*l**2 + 12*l - 213. What is the remainder when 508 is divided by x(-14)?
94
Let b = -61 - -1206. Calculate the remainder when b is divided by 286.
1
Calculate the remainder when 5/(-20)*(-12)/(-9)*-1173 is divided by 45.
31
Suppose -2*w - 8*w + 6*w = 0. Let v be 7 + (-5 - (-1 - 1)). Suppose 3*s - 4*a + 2*a - 112 = w, -v*a - 54 = -s. What is the remainder when s is divided by 19?
15
Let z = 62 + -60. Suppose -3*n - 6 = 0, -4 = -b + z*n - n. Suppose 6 + 12 = b*g. What is the remainder when g is divided by 3?
0
Let q = -15 + 23. Let a = 647 + -642. Suppose a*t = -g + 37 + 31, 4*g - t = 209. Calculate the remainder when g is divided by q.
5
Suppose -275 - 693 = -8*z. Suppose 5*d - z + 26 = 0. What is the remainder when 21 is divided by d?
2
Let w be (0 - -1)/((-44)/(-176)). Calculate the remainder when 49 is divided by ((-13)/6)/(w/(-24)).
10
Let h = -78 + 111. Let i(w) = w**2 - 3*w - 6. Let j be i(-5). Suppose -4*t + 5*u = -43, -3*t - 2 = -4*u - j. What is the remainder when h is divided by t?
9
What is the remainder when ((-2)/(-6))/(-21 + (-556448)/(-26496)) is divided by 106?
64
Let m = -8990 - -9008. What is the remainder when m is divided by 4/(-8) + 45/6?
4
Let s(m) = -m**2 - 9*m + 1183. Suppose 2*u + 0*u - 28 = 2*z, -2*z = 4*u - 38. Calculate the remainder when s(30) is divided by u.
2
Suppose -3*u - 649 = -0*u - i, -4*u + 2*i = 866. Let n = u + 227. Calculate the remainder when n is divided by 9/2 + (-5)/(-10).
1
Let y(n) be the third derivative of -n**4/3 - 55*n**3/2 + 5*n**2 - 5*n. Calculate the remainder when 116 is divided by y(-21).
2
Suppose -72 - 30 = -3*f. Let i = -1676 - -1682. Let t(g) = 7*g**2 - 3*g - 101. Calculate the remainder when t(i) is divided by f.
31
Let g be (-6)/8*(1040/30)/(-13). Suppose g*p - 107 = -a - 2*a, 3*p = 5*a - 210. What is the remainder when 116 is divided by a?
38
Let b(c) = -c**3 + 10*c**2 - 17*c + 13. Let g be b(8). Suppose 2*s + 8 = g*o - 0, 10 = 5*s - 5*o. Calculate the remainder when (2812/57)/(2/s) is divided by 30.
28
Let s(k) = 151*k + 150. Let y be s(-1). Suppose -v = -4 - 26. What is the remainder when 6*(-95)/v*y is divided by 8?
3
Suppose -4*u = -2*f - 1885 - 655, -2*u - f = -1278. Let c = 742 - u. What is the remainder when c is divided by 27?
24
Let c(o) be the third derivative of -o**6/120 + 8*o**5/15 - 5*o**4/6 - 31*o**3/6 - 59*o**2. What is the remainder when c(31) is divided by 8?
6
Let h(p) = 15*p**2 + 8*p + 20. Let a be h(-3). Suppose -44 = -35*x + a. Calculate the remainder when 7 is divided by x.
2
Let f = 295 - 416. Let c = -108 - f. Calculate the remainder when 129 is divided by c.
12
Suppose -168*g - 144*g + 339*g - 810 = 0. What is the remainder when 2697 is divided by g?
27
Suppose 0 = 2*l - 5*n - 277, 4*l + 10*n - 515 = 7*n. What is the remainder when l is divided by 20?
11
Suppose -z - 4*p = 19, 2*z - 53 + 0 = 5*p. Calculate the remainder when 3399 is divided by z.
6
Let v(z) = -z**3 - 18*z**2 - 19*z - 21. Let k be (1 + 1 + 3)*(9 + -10). Let h be 103/k - (-9)/15 - -3. What is the remainder when 76 is divided by v(h)?
11
Suppose 5*m = -11 - 159. Let z be 125/(-4) - 49/28. Let j = z - m. What is the remainder when 3 is divided by j?
0
Suppose -x - 132 = -5*x. Let z(s) = -10*s**2 - 221*s - 35. Let b be z(-22). Calculate the remainder when (-1709)/(-13) + 6/b is divided by x.
32
Suppose 0 = -4804*r + 4811*r - 70. Let s = -5 - -2. What is the remainder when ((-2)/(-4))/(s/(-198)) is divided by r?
3
Let m(x) = 5*x**2 + 18*x - 35. Let p(w) = 12*w**2 + 37*w - 69. Let r(v) = 5*m(v) - 2*p(v). Calculate the remainder when 257 is divided by r(4).
42
Let h(t) = -t**3 - 4*t**2 + 3*t. Let m be h(-5). What is the remainder when 8/m - (-904)/20 is divided by -2 + 1 + (-26)/(-2)?
10
Suppose -16 = -4*w, m - w - 4*w = 248. Suppose 2*q + m = -2*q. Let a = 119 + q. What is the remainder when a is divided by 28?
24
Suppose 5*u = r + 13, 2*r - 3*r - 2*u = -15. Let q = 46 - 23. Calculate the remainder when q is divided by r.
2
Suppose 10 = -2*i, 5*i - 389 = 3*l - 5*l. What is the remainder when l is divided by 76?
55
Let d(r) = r**2 + 3. Suppose -68*h = -6304 + 5692. Calculate the remainder when d(-3) is divided by h.
3
Suppose -3118*o = -3110*o - 352. What is the remainder when 4304 is divided by o?
36
Suppose 84 = -3*n + 240. What is the remainder when n is divided by (3 + 43/(-5))*(-5)/2?
10
Let o = 233 + -166. Let i = -53 + o. Calculate the remainder when 41 is divided by -3*6/9 + i.
5
Suppose 5*y = -4*t - 113, -5*t + 6*y - 95 = 3*y. Calculate the remainder when 40 is divided by 0 + -6*t/6.
18
Suppose z = 17*z + 920 - 3512. Calculate the remainder when 4696 is divided by z.
160
Let z(r) = -27*r + 63. Let m be (-16 + (3 - 6))*(2 - 3). Let h be z(m). Calculate the remainder when 93 is divided by 4/(-64)*-4 - h/24.
17
Let t(d) = d**2 - d + 3. Let o = -57 + 51. Calculate the remainder when t(-4) is divided by 90/24*2 - o/(-4).
5
Let i(h) = h**2 - 3*h + 1. Let r be i(4). Suppose -2*y - 178 = -2*u, -4*y + r*y + 3 = 0. Calculate the remainder when u is divided by 44/2*(2 + -1).
20
Suppose -i + 449 = 5*k, -4*k + 2*k = 9*i - 128. Calculate the remainder when k is divided by 38.
15
Let j(u) = 2*u**2 + 6*u - 21. What is the remainder when j(10) is divided by 96?
47
Let s(j) = -j**2 - 27*j + 20. What is the remainder when s(-25) is divided by 55?
15
Let z be (-3)/(-12 + 9 - (-165)/56). Let v = -52 + z. Suppose 0 = v*b + 3*w - 218, b + 214 = 5*b + 5*w. What is the remainder when b is divided by 20?
16
Suppose -4*j + 9*j - 370 = 0. Suppose 2*d + 2*k = 3*k + 64, 2*d + 2*k - 70 = 0. What is the remainder when j is divided by d?
8
Let v(i) = 3*i**2 + 21*i - 54*i - i**2 + 12 + 9*i. What is the remainder when v(16) is divided by 93/2 - ((-18)/(-4))/(-9)?
46
Suppose 4*h - 64 = -3*m, 80 = 5*h - 2*m - 0*m. Let d = -50 + 127. Calculate the remainder when d is divided by h.
13
Let z(w) = w**3 - 8*w**2 + 6*w - 22. Let c be (-5)/50*-15 - (-13)/2. Calculate the remainder when 48 is divided by z(c).
22
Let j = 6166 - 6107. Calculate the remainder when 1352 is divided by j.
54
Suppose -u + 2*c = -c - 5, 0 = 4*u + 4*c - 4. Suppose u*i + 5*i = -1974. Let q = -145 - i. What is the remainder when q is divided by 35?
32
Let x = 165 - 135. Let f be (134/6)/((-10)/x). Calculate the remainder when (-7 - -8)/((2/f)/(-2)) is divided by 7.
4
Let b = -5 + 39. Suppose -359*x + 362*x = 0. Let w = x + b. What is the remainder when 133 is divided by w?
31
Suppose -5*v = 5*l - 125, 183*v - 181*v - 54 = -3*l. Let o = -1 + 6. Suppose 4*g + 285 = 5*y, -o = -3*g + 10. Calculate the remainder when y is divided by v.
19
Let m be 1 + -1 + 7 + -4. Suppose -4*k + 3 = -3*i - m*k, 2*i - 15 = -5*k. Suppose 3*s - 9*s + 66 = i. What is the remainder when 29 is divided by s?
7
Let t(n) = -7*n**2 - 38*n - 7. Suppose 2*r - 7*r - 2*m - 19 = 0, -2*m - 9 = 3*r. Calculate the remainder when (-2 - 0) + (24 - 